{"id":9631,"date":"2020-09-05T08:00:37","date_gmt":"2020-09-05T07:00:37","guid":{"rendered":"http:\/\/www.pgd-rakek.si\/?post_type=gallery&#038;p=9631"},"modified":"2020-09-07T07:44:45","modified_gmt":"2020-09-07T06:44:45","slug":"vaje-operative-pozari-v-naravi-5-9-2020","status":"publish","type":"gallery","link":"https:\/\/www.pgd-rakek.si\/?gallery=vaje-operative-pozari-v-naravi-5-9-2020","title":{"rendered":"Vaje operative &#8211; Po\u017eari v naravi, 5.9.2020"},"content":{"rendered":"<p>foto: N. Milo\u0161evi\u0107, K. Purkart, N. Lukan, M. Trebec<\/p>\n","protected":false},"author":6,"featured_media":0,"parent":0,"menu_order":0,"comment_status":"closed","ping_status":"closed","template":"","class_list":["post-9631","gallery","type-gallery","status-publish","hentry","gallery_categories-default"],"_links":{"self":[{"href":"https:\/\/www.pgd-rakek.si\/index.php?rest_route=\/wp\/v2\/gallery\/9631","targetHints":{"allow":["GET"]}}],"collection":[{"href":"https:\/\/www.pgd-rakek.si\/index.php?rest_route=\/wp\/v2\/gallery"}],"about":[{"href":"https:\/\/www.pgd-rakek.si\/index.php?rest_route=\/wp\/v2\/types\/gallery"}],"author":[{"embeddable":true,"href":"https:\/\/www.pgd-rakek.si\/index.php?rest_route=\/wp\/v2\/users\/6"}],"replies":[{"embeddable":true,"href":"https:\/\/www.pgd-rakek.si\/index.php?rest_route=%2Fwp%2Fv2%2Fcomments&post=9631"}],"wp:attachment":[{"href":"https:\/\/www.pgd-rakek.si\/index.php?rest_route=%2Fwp%2Fv2%2Fmedia&parent=9631"}],"curies":[{"name":"wp","href":"https:\/\/api.w.org\/{rel}","templated":true}]}}

Vaje operative &#8211; Požari v naravi, 5.9.2020

<p>foto: N. Milošević, K. Purkart, N. Lukan, M. Trebec</p>
