{"id":3903,"date":"2014-10-07T06:38:08","date_gmt":"2014-10-07T06:38:08","guid":{"rendered":"http:\/\/www.pgd-rakek.si\/?post_type=gallery&#038;p=3903"},"modified":"2014-10-07T06:38:54","modified_gmt":"2014-10-07T06:38:54","slug":"tehnicni-dan-os-jozeta-krajca-rakek-2-10-2014","status":"publish","type":"gallery","link":"https:\/\/www.pgd-rakek.si\/?gallery=tehnicni-dan-os-jozeta-krajca-rakek-2-10-2014","title":{"rendered":"Tehni\u010dni dan O\u0160 Jo\u017eeta Krajca Rakek, 2.10.2014"},"content":{"rendered":"<p>Foto: Zalokar Matej<\/p>\n","protected":false},"author":3,"featured_media":0,"parent":0,"menu_order":0,"comment_status":"closed","ping_status":"closed","template":"","class_list":["post-3903","gallery","type-gallery","status-publish","hentry","gallery_categories-default"],"_links":{"self":[{"href":"https:\/\/www.pgd-rakek.si\/index.php?rest_route=\/wp\/v2\/gallery\/3903","targetHints":{"allow":["GET"]}}],"collection":[{"href":"https:\/\/www.pgd-rakek.si\/index.php?rest_route=\/wp\/v2\/gallery"}],"about":[{"href":"https:\/\/www.pgd-rakek.si\/index.php?rest_route=\/wp\/v2\/types\/gallery"}],"author":[{"embeddable":true,"href":"https:\/\/www.pgd-rakek.si\/index.php?rest_route=\/wp\/v2\/users\/3"}],"replies":[{"embeddable":true,"href":"https:\/\/www.pgd-rakek.si\/index.php?rest_route=%2Fwp%2Fv2%2Fcomments&post=3903"}],"wp:attachment":[{"href":"https:\/\/www.pgd-rakek.si\/index.php?rest_route=%2Fwp%2Fv2%2Fmedia&parent=3903"}],"curies":[{"name":"wp","href":"https:\/\/api.w.org\/{rel}","templated":true}]}}

Tehnični dan OŠ Jožeta Krajca Rakek, 2.10.2014
