{"id":3603,"date":"2014-07-18T12:41:47","date_gmt":"2014-07-18T12:41:47","guid":{"rendered":"http:\/\/www.pgd-rakek.si\/?post_type=gallery&#038;p=3603"},"modified":"2014-07-21T12:43:44","modified_gmt":"2014-07-21T12:43:44","slug":"delovna-nesreca-traktor-18-7-2014","status":"publish","type":"gallery","link":"https:\/\/www.pgd-rakek.si\/?gallery=delovna-nesreca-traktor-18-7-2014","title":{"rendered":"Delovna nesre\u010da &#8211; traktor, 18.7.2014"},"content":{"rendered":"<p>Foto: Trebec Sergej, Zw\u00f6lf Du\u0161an, Purkart Klemen<\/p>\n","protected":false},"author":3,"featured_media":0,"parent":0,"menu_order":0,"comment_status":"closed","ping_status":"closed","template":"","class_list":["post-3603","gallery","type-gallery","status-publish","hentry","gallery_categories-default"],"_links":{"self":[{"href":"https:\/\/www.pgd-rakek.si\/index.php?rest_route=\/wp\/v2\/gallery\/3603","targetHints":{"allow":["GET"]}}],"collection":[{"href":"https:\/\/www.pgd-rakek.si\/index.php?rest_route=\/wp\/v2\/gallery"}],"about":[{"href":"https:\/\/www.pgd-rakek.si\/index.php?rest_route=\/wp\/v2\/types\/gallery"}],"author":[{"embeddable":true,"href":"https:\/\/www.pgd-rakek.si\/index.php?rest_route=\/wp\/v2\/users\/3"}],"replies":[{"embeddable":true,"href":"https:\/\/www.pgd-rakek.si\/index.php?rest_route=%2Fwp%2Fv2%2Fcomments&post=3603"}],"wp:attachment":[{"href":"https:\/\/www.pgd-rakek.si\/index.php?rest_route=%2Fwp%2Fv2%2Fmedia&parent=3603"}],"curies":[{"name":"wp","href":"https:\/\/api.w.org\/{rel}","templated":true}]}}

Delovna nesreča &#8211; traktor, 18.7.2014

<p>Foto: Trebec Sergej, Zwölf Dušan, Purkart Klemen</p>
