{"id":1973,"date":"2013-08-01T20:49:34","date_gmt":"2013-08-01T20:49:34","guid":{"rendered":"http:\/\/www.pgd-rakek.si\/?post_type=gallery&#038;p=1973"},"modified":"2013-08-01T20:50:32","modified_gmt":"2013-08-01T20:50:32","slug":"vaje-bolnicarjev-nesreca-v-gozdu","status":"publish","type":"gallery","link":"https:\/\/www.pgd-rakek.si\/?gallery=vaje-bolnicarjev-nesreca-v-gozdu","title":{"rendered":"Vaje bolni\u010darjev &#8211; nesre\u010da v gozdu"},"content":{"rendered":"<p>Foto: Hrestak \u017dan<\/p>\n","protected":false},"author":3,"featured_media":0,"parent":0,"menu_order":0,"comment_status":"closed","ping_status":"closed","template":"","class_list":["post-1973","gallery","type-gallery","status-publish","hentry","gallery_categories-default"],"_links":{"self":[{"href":"https:\/\/www.pgd-rakek.si\/index.php?rest_route=\/wp\/v2\/gallery\/1973","targetHints":{"allow":["GET"]}}],"collection":[{"href":"https:\/\/www.pgd-rakek.si\/index.php?rest_route=\/wp\/v2\/gallery"}],"about":[{"href":"https:\/\/www.pgd-rakek.si\/index.php?rest_route=\/wp\/v2\/types\/gallery"}],"author":[{"embeddable":true,"href":"https:\/\/www.pgd-rakek.si\/index.php?rest_route=\/wp\/v2\/users\/3"}],"replies":[{"embeddable":true,"href":"https:\/\/www.pgd-rakek.si\/index.php?rest_route=%2Fwp%2Fv2%2Fcomments&post=1973"}],"wp:attachment":[{"href":"https:\/\/www.pgd-rakek.si\/index.php?rest_route=%2Fwp%2Fv2%2Fmedia&parent=1973"}],"curies":[{"name":"wp","href":"https:\/\/api.w.org\/{rel}","templated":true}]}}

Vaje bolničarjev &#8211; nesreča v gozdu

<p>Foto: Hrestak Žan</p>
