{"id":13098,"date":"2022-10-09T00:23:36","date_gmt":"2022-10-08T23:23:36","guid":{"rendered":"https:\/\/www.pgd-rakek.si\/?post_type=gallery&#038;p=13098"},"modified":"2022-10-09T00:23:36","modified_gmt":"2022-10-08T23:23:36","slug":"pozar-objekta-vrtna","status":"publish","type":"gallery","link":"https:\/\/www.pgd-rakek.si\/?gallery=pozar-objekta-vrtna","title":{"rendered":"Po\u017ear objekta Vrtna"},"content":{"rendered":"<p>Foto: Modic M., \u0160ebenik M., Trebec M., Gorki\u010d A.<\/p>\n","protected":false},"author":3,"featured_media":0,"parent":0,"menu_order":0,"comment_status":"closed","ping_status":"closed","template":"","class_list":["post-13098","gallery","type-gallery","status-publish","hentry","gallery_categories-default"],"_links":{"self":[{"href":"https:\/\/www.pgd-rakek.si\/index.php?rest_route=\/wp\/v2\/gallery\/13098","targetHints":{"allow":["GET"]}}],"collection":[{"href":"https:\/\/www.pgd-rakek.si\/index.php?rest_route=\/wp\/v2\/gallery"}],"about":[{"href":"https:\/\/www.pgd-rakek.si\/index.php?rest_route=\/wp\/v2\/types\/gallery"}],"author":[{"embeddable":true,"href":"https:\/\/www.pgd-rakek.si\/index.php?rest_route=\/wp\/v2\/users\/3"}],"replies":[{"embeddable":true,"href":"https:\/\/www.pgd-rakek.si\/index.php?rest_route=%2Fwp%2Fv2%2Fcomments&post=13098"}],"wp:attachment":[{"href":"https:\/\/www.pgd-rakek.si\/index.php?rest_route=%2Fwp%2Fv2%2Fmedia&parent=13098"}],"curies":[{"name":"wp","href":"https:\/\/api.w.org\/{rel}","templated":true}]}}

Požar objekta Vrtna

<p>Foto: Modic M., Šebenik M., Trebec M., Gorkič A.</p>
